alculate the greatest common divisor of g and 12.
12
Let w = -228 + 388. What is the highest common factor of w and 200?
40
Let x(a) = a**2 + 2*a + 3. Let c(m) = -m**2 + 2*m - 3. Let y be c(0). Let u be x(y). Suppose 5*v - 93 = 27. What is the highest common divisor of v and u?
6
Let a be -167*(0*(-1)/(-4) + -1). Suppose -4*o + a - 79 = 0. Calculate the highest common factor of 154 and o.
22
Let w be (-24)/(-4) + 3 - 4. Suppose 123 = 3*z + w*l, -2*z + 38 + 45 = 3*l. What is the highest common divisor of 138 and z?
46
Let p(y) = y**3 - 16*y**2 + 16*y + 1. Let i be p(15). Suppose -2*m + 3*w + 81 = 0, -2*m - 2*w = -6*w - 76. What is the highest common factor of i and m?
16
Let p(n) be the second derivative of n**3/6 + 17*n**2/2 + n. Suppose -47 = 15*h + 58. Let y be p(h). Calculate the highest common divisor of 50 and y.
10
Let y be 21/105 - (-38)/10. Let o = 13 - 5. What is the greatest common factor of o and y?
4
Let n be (28/(-35))/(13/(-260)). Let u be (-1 + 4)/(2/16). Calculate the highest common divisor of u and n.
8
Suppose 17*c + 8 = 21*c. Suppose -4*h + 80 = -0*h. Let t be 56/h*5/c. What is the highest common factor of 7 and t?
7
Let h(p) = -14*p + 95. Let q be h(-22). What is the highest common factor of 13 and q?
13
Let u be 16/(4/(-10)*-1). Let m(v) = 3*v**2 + v + 25. Let a(s) = -s**2. Let p(w) = -4*a(w) - m(w). Let c be p(6). What is the highest common factor of u and c?
5
Suppose 0 = a, 0 = 4*q + 28*a - 33*a - 616. Let z be (22/5)/(1/5). What is the highest common divisor of q and z?
22
Let b(q) = 6*q**2 - 37*q + 9. Let h be b(6). Let t(f) = -f**3 + 5*f**2 - 4. Let v be t(4). Calculate the greatest common divisor of h and v.
3
Suppose 4*m = -i + 20, 2*m = 114*i - 109*i - 56. Let f be ((-12)/(-9))/(2/36). What is the highest common divisor of f and i?
12
Suppose -35 = -i - y, 5*y = 3*i - 2*i - 29. Calculate the greatest common factor of i and 289.
17
Suppose 0*n + 240 = 3*n. Suppose k - 92 = n. Let u be 4/12 - k/(-6). What is the highest common factor of u and 232?
29
Let g = -136 + 148. What is the highest common divisor of 6 and g?
6
Suppose -32*z + 59*z - 12825 = 0. What is the highest common divisor of z and 19?
19
Suppose 3*w - 739 = -2*s, 0*w + 223 = w - 4*s. Suppose 0 = 5*r - z + 2*z - 136, 3 = 3*z. What is the greatest common divisor of r and w?
27
Suppose 0 = -5*s - 5, -4*d - 4*s - 1 = 23. Let y be 2/d - 156/(-15). Let p = 25 - y. What is the greatest common factor of p and 10?
5
Suppose n + 15 = -4*o, 2*n = -2*o - 0*o. Let f(l) = l**3 - 7 + 3*l - 5*l + 0*l - l + n*l**2. Let i be f(-5). What is the highest common factor of i and 56?
8
Suppose -3*g = -93 - 81. Calculate the highest common factor of 145 and g.
29
Suppose -4*v + 880 = 4*i, -223 = 3*v - 3*i - 913. Suppose 5*k - 21 = 204. What is the highest common divisor of v and k?
45
Suppose 0 = 6*d - 11*d + 5. Let c be 3 + (-1 - d) + 1. Let v(m) = -m**3 - 11*m + 12. Let n be v(0). Calculate the highest common factor of c and n.
2
Suppose -4*f + n + n - 14 = 0, -3*n = -5*f - 16. Let l be (-10 - -12)*f/(-1). What is the greatest common divisor of l and 110?
10
Let s = 27 + -33. Let v be (-1236)/(-36) - 4/s. Let c be -4 + (v - (-4 + 4)). Calculate the highest common divisor of 31 and c.
31
Let o(t) = -3*t**2 - 7*t**3 - 2 - 2 - t + 3. Let u be o(-2). Let h be (-78)/(-10) - 18/(-15). What is the highest common factor of u and h?
9
Let t(p) = 4 + p**2 - 3*p - 224*p**3 - p**2 - 6. Let f be t(-1). What is the greatest common divisor of f and 25?
25
Let f be (3 + (-28)/12)/((-9)/(-54)). What is the greatest common factor of f and 14?
2
Let a be -194 - -1*(-3)/9*3. Let m be a/(-2)*(4/(-12) - -1). Calculate the greatest common factor of 13 and m.
13
Let b = -11 + 56. Suppose 59 = 4*k + 5*d, 2*k + k = -3*d + b. Calculate the highest common divisor of 16 and k.
16
Suppose 14*k + 20*k = 578. Suppose 5*v = t - 31, 5*t + 46 - 305 = -v. Calculate the highest common divisor of k and t.
17
Suppose 3*x = -3*k - 3, 3*x + k + 7 = -4*k. Suppose -j = -m + 3 - 0, -5*m + 3*j + 5 = 0. Let w be 1/((-2)/44*m). Calculate the highest common factor of w and x.
1
Let a be (-324 + 0)/((-2 + -6)/8). Calculate the highest common divisor of 405 and a.
81
Suppose -4*j + 23 = -2*d - 11, 3*d + 21 = 3*j. What is the highest common divisor of j and 890?
10
Let f be (-6 + (-162)/(-36))/(6/(-280)). What is the highest common factor of 1120 and f?
70
Let p be 5 + -5 + (-1 - 1). Let t be p/(-7) - (-47)/7. Let q = 98 + -91. Calculate the highest common factor of t and q.
7
Suppose -4*l + 2*n = -50, 8*n - 9 = 5*n. Suppose 4*c = -5*i + 8 - 7, -c - 11 = 5*i. Calculate the highest common divisor of c and l.
2
Let m = -46 - -131. Let n(x) be the third derivative of x**4/6 - 19*x**3/6 - 10*x**2. Let i be n(9). Calculate the highest common factor of i and m.
17
Suppose -3*c - 3*g + 121 = -g, -4*c = -3*g - 150. Calculate the highest common divisor of 65 and c.
13
Let y = -46 - -144. Suppose -5*f + 3*s = -9*f + 41, -f - 2*s + 4 = 0. Calculate the highest common factor of y and f.
14
Let u = 135 - 128. Calculate the highest common divisor of 581 and u.
7
Let m(x) = x**3 - 23*x**2 - 45*x - 99. Let u be m(25). Calculate the highest common factor of 2106 and u.
26
Let n = -83 + 88. Suppose -i - 2 = n*z + 4, 4*i = -4*z + 40. Calculate the greatest common factor of 2 and i.
2
Let w = 70 + -47. Let r = w - 15. Calculate the highest common factor of 4 and r.
4
Let t(d) be the first derivative of d**4/4 - 10*d**3/3 - 3*d**2 - d - 9. Let f be t(11). Calculate the greatest common factor of 6 and f.
6
Suppose -3*h - 3 = 3*t - 6*h, -2*t - 3*h + 23 = 0. Suppose 2*o - 502 = -2*u, 5*o + t*u + 289 - 1543 = 0. What is the highest common divisor of o and 50?
50
Let c = 39 - 38. Let x be 0/(-3) + (c - -3). Calculate the highest common factor of x and 36.
4
Let y(n) = -5*n**3 - 4*n**2 - 2*n + 11. Let w be y(-4). Let z be ((-4)/(-6))/(2/75). What is the greatest common divisor of w and z?
25
Suppose -322*m + 324*m = 392. Calculate the greatest common factor of m and 28.
28
Let k = -217 - -148. Let i = k - -384. What is the greatest common factor of i and 35?
35
Let i = 4 - -11. Let d(a) = 12*a - 3. Let f be d(-1). Let u = f - -20. Calculate the highest common factor of i and u.
5
Suppose -5*j - 3*g = -8*j + 711, g = 3*j - 717. What is the highest common factor of j and 30?
30
Let w be (210/(-40) - 6/8)*-4. What is the highest common divisor of w and 3?
3
Let v be (-6)/(-8) - (-625)/20. Let n = v - -56. What is the highest common divisor of n and 11?
11
Let p(o) = -o**2 - 24*o + 187. Let v be p(-29). What is the greatest common factor of v and 60?
6
Suppose -61*p + 2320 = -57*p. What is the greatest common factor of p and 20?
20
Let a be ((-608)/48)/(2/(-66)). Suppose a = o + 10*o. What is the greatest common divisor of o and 38?
38
Let o(u) = u**2 - 12*u + 1. Let f be o(8). Let m = f - -66. Let b = -216 + 391. Calculate the highest common factor of b and m.
35
Let d = -133 + 149. Calculate the greatest common factor of d and 240.
16
Suppose s - 5*s = 0. Let q(p) = 64 + 2*p - 16 - p**2 + 11 + 13. Let t be q(s). What is the greatest common divisor of t and 8?
8
Suppose 4*r - 64 = -4*m, -12 = -161*m + 159*m + 3*r. Let l be (-1)/(-3) + 57/(-9). Let p = l - -30. Calculate the greatest common divisor of p and m.
12
Suppose -s + 16 = -24. Let t be (-432)/s*(-20)/6. What is the highest common factor of 4 and t?
4
Let n be (-20)/(-8) - (-3)/6. Suppose 0 = -2*k - y + 335, 3*y - n = 6*y. Calculate the greatest common factor of 24 and k.
24
Suppose 5*k + 7*f - 5 = 2*f, -3*k + f = -15. Suppose 2*s + 5*t - 231 = 0, s - k*t = 5*s - 492. Calculate the greatest common divisor of 16 and s.
16
Let s(p) = 6*p + 169. Let r be s(-14). What is the highest common factor of r and 17?
17
Let f(c) = c**2 + 3*c - 1. Let u be f(2). Let z be (-252)/(-8)*(-2 - -4). Calculate the greatest common divisor of z and u.
9
Suppose -5*z = 4*o + 252, o - 33 = z - 4*o. Let f = z + 72. Calculate the highest common divisor of 36 and f.
12
Suppose 0 = 26*r - 7980 - 14146. Calculate the highest common divisor of 37 and r.
37
Let q(x) = x - 1. Let c(j) = -48*j + 12. Let m(p) = -c(p) - 16*q(p). Let i be m(4). Suppose -3*s = -0*s - 36. What is the greatest common divisor of s and i?
12
Let z b